 the first derivative of v**3/3 + 3*v**2/2 - 2*v + 1. Give f(d).
2
Let l(o) = -3*o**2 - 4 + 2 + 4*o + 2*o**3 - 3*o**3 + 0. Let j be 18/8 - (-2)/(-8). Give l(j).
-14
Let j(c) = -c**3 + 10*c**2 - 17*c - 4. Suppose 4*q + 2*o = 38, 68*o - 25 = -2*q + 65*o. Give j(q).
-12
Let r = -2843 + 2847. Let u(a) = -3*a - 2 + 0 + 7. Calculate u(r).
-7
Let r(o) be the second derivative of -2*o**4/3 - o**3/3 - o**2 - 5*o + 17. What is r(-2)?
-30
Let u be 3*(2 - (-1 + 4)). Let d(m) = 6*m**2 - 4*m**2 + m - 2 - 4*m**2. What is d(u)?
-23
Let y(h) = 2*h + 6. Let f(b) = 5*b + 55. Let x be f(-11). Suppose 5*w + 0 + 20 = x. Determine y(w).
-2
Let j(b) = 35*b - 7. Let h(i) = -16*i + 3. Let q(f) = 5*h(f) + 2*j(f). Let z(v) = -v**3 - 6*v**2 + 4. Let p be z(-6). Let k = -3 + p. Give q(k).
-9
Suppose -3*p + p = g + 15, -g + 4*p = -15. Let c(o) = 1. Let r(f) = -f**2 - 5*f - 2. Let x(k) = -4*c(k) - r(k). Give x(g).
-2
Let k = -8 + 12. Suppose -20 = -k*f - 0. Let s(c) = 1 - f - c + 1 - c. Determine s(-3).
3
Let d(g) = -g + 9*g + 513*g**2 + 9 - 511*g**2. Determine d(-6).
33
Let l be ((-110)/(-44) - 6)*(-12)/(-7). Let m(w) be the second derivative of -w**5/20 - w**4/2 + 2*w**2 - w. Determine m(l).
4
Let u(l) = -3*l + 12*l - 6*l - 8*l + 5. What is u(0)?
5
Suppose 5*n - 195 - 5 = 0. Suppose n = -2*t - 2*t. Let o = t - -12. Let y(p) = -p**3 + 2*p. Determine y(o).
-4
Let c = -91/5 + 197/10. Let y(g) be the first derivative of -c*g**2 + g + 3. Calculate y(5).
-14
Let n(c) = 4*c + 24. Suppose -339*r + 325*r = 70. Give n(r).
4
Let v(a) = -4*a**2 - 3*a + 5. Let b be v(2). Let j = b - -13. Let u(n) = 5*n - 5 + n**2 + 2 + 1. What is u(j)?
-6
Let k(t) = -t**3 + 6*t**2 - 4*t + 7. Let s(v) = -v**3 + 21*v**2 - 21*v + 30. Let b be s(20). Suppose b = 2*p - 5*o, 4*p + o - 22 + 2 = 0. Determine k(p).
12
Let u(j) = -19*j**2 - j. Let z be u(1). Let r = -18 - z. Suppose 5 = -5*k, -r*o + 43 = -7*o - 3*k. Let v(y) = -y**3 - 9*y**2 - 8*y - 1. Determine v(o).
-1
Let z be (2/(-5))/((-15)/75). Suppose g + z + 2 = 0, b - 16 = 2*g. Let d be b - 4*(-4)/(-8). Let n(r) = -r**2 + 6*r + 2. Determine n(d).
2
Let k(n) = 8*n**3 + 17*n**2 - 39*n - 14. Let b(j) = -5*j**3 - 8*j**2 + 19*j + 7. Let u(r) = -5*b(r) - 3*k(r). Give u(8).
-9
Let a(y) be the first derivative of 14 - 3/2*y**2 + 3*y. Let u be ((-5)/(-3))/((-1)/(-3)). Calculate a(u).
-12
Let c = 28 + -24. Suppose -g - c*g = 0. Let k(h) = h - 6. What is k(g)?
-6
Suppose -4*m = 4*g - 3*m - 16, -2*m + 2 = -2*g. Let w(x) = 2 - 1 + g*x + 0*x - 4*x. Let v(c) = -c - 1. Let j be v(2). What is w(j)?
4
Suppose -70*o + 69*o + 22 = -5*t, 3*t - 4*o = -20. Let z = -10 + 21. Let x = t + z. Let i(u) = -u**3 + 7*u**2 + 2*u - 10. What is i(x)?
4
Let c(m) = m - 7. Let l = 2 + -7. Let a(g) be the first derivative of -g**2/2 + g - 2. Let o be a(l). Calculate c(o).
-1
Let b(l) be the first derivative of l**3/3 + 9*l**2/2 - 5*l - 99. Calculate b(-8).
-13
Suppose 2*l = h - 18, 4*h + 10 - 62 = 3*l. Let p(j) = -j**3 + 11*j**2 - 8*j - 6. What is p(h)?
14
Let t be (4/(-12))/(4/(-36)). Let x(a) = t*a**3 + 3 + 7*a**2 - 4*a**3 - a - 7*a. Calculate x(5).
13
Let h(y) = -3*y**2 - y + 1. Let n = 273 - 272. Determine h(n).
-3
Let r(u) = -u**2 - u + 1. Let z be r(-1). Let y(g) = -6*g + 3 - 1 + z. Determine y(2).
-9
Let p(w) = -2*w**2 - 10*w - 6. Let q(v) be the third derivative of -v**6/120 + 7*v**5/30 - 11*v**4/24 - 16*v**3/3 + 36*v**2. Let o be q(13). Determine p(o).
-18
Suppose -6*n - 42 = -0*n. Let m(t) = -t**2 - 9*t - 15. What is m(n)?
-1
Suppose -33*m + 6 = -30*m. Let u(b) be the second derivative of 1/4*b**4 + 2*b + 1/20*b**5 + 0 + 1/6*b**3 - b**m. What is u(-2)?
0
Let o(j) = -4*j**2 - j + 2. Let l(t) be the third derivative of -t**5/20 - t**4/24 + t**3/6 - 14*t**2. Let g(r) = -7*l(r) + 5*o(r). What is g(-3)?
6
Suppose 0*h = 3*h. Suppose h*c = -c - 6. Let b(x) = -x**3 + x**2 + x. Let u(i) = -7*i**3 + 5*i**2 + 9*i - 3. Let q(o) = c*b(o) + u(o). Calculate q(-3).
6
Let j be 63 + -64 - (-2*1 + 1). Let c(r) be the third derivative of 0*r + 1/6*r**3 + 8*r**2 + j - 7/24*r**4. What is c(1)?
-6
Let r(s) = s - 2. Let l be r(2). Let a(c) = l + 1 - 14*c + 20*c. Suppose -2*d + 12 = -3*m + 4, 3*d - 5*m = 14. Calculate a(d).
-11
Let l(s) = s**2 - 7*s + 2. Let z = -95 - -110. Let j be -6 + z/5 + 10. What is l(j)?
2
Let v(h) = 6*h**2 - h. Let n(u) = -11*u**2 + 5*u - 4. Let o(p) = n(p) + 2*v(p). Give o(-4).
0
Let h = -343 + 341. Let o(z) be the third derivative of -z**5/12 - z**4/12 - z**3/3 - 4*z**2. Determine o(h).
-18
Let i = -2442 + 2444. Let a(x) be the first derivative of 2*x**3 + 5/2*x**i + 1/4*x**4 - 5*x + 9. Calculate a(-5).
-5
Let m = -49 - -52. Let q(r) = -m*r + r + 3*r + 2 + 4. What is q(-6)?
0
Suppose -57*f = 58 - 457. Let b(n) = -4*n - 2. Calculate b(f).
-30
Let b(q) = -2*q + 19. Let x = 12 - 18. Let w(v) = v - 9. Let t(h) = x*b(h) - 13*w(h). Give t(3).
0
Let a(j) = 34 - 2*j - j + 25 + j - 84. Give a(-10).
-5
Let g(j) = j - 4*j + 0*j - 2 + 2*j. Give g(-4).
2
Let o = 20 - 36. Let h = o + 17. Let y(f) = 30*f**3 + 20*f**2 - 20*f + 20. Let i(q) = q**3 + q**2 - q + 1. Let x(u) = 20*i(u) - y(u). Give x(h).
-10
Let m(r) = -3*r**2 - 3*r. Let h be m(-2). Let g(v) be the first derivative of v**3/3 + 5*v**2/2 - 3*v - 137. Determine g(h).
3
Let k = -19 - -30. Let m(r) = r**2 - 10*r - 13. Let s be m(k). Let y be s*3/6*3. Let l(p) = -p**2 + 1. Calculate l(y).
-8
Let j(z) = z. Let n(t) = -3*t. Let w(q) = -21*j(q) - 6*n(q). Let y(v) = 3*v - 74. Let o be y(25). What is w(o)?
-3
Let m(s) = s - 6. Suppose -6*x + 11*x = 50. Let g be m(x). Let r(h) = -h**2 + 5*h + 3. Calculate r(g).
7
Suppose 4*f + 2*u = 2, 2*f - 3 = 5*u + 28. Let t(o) = -2*o**2 - 3*o + 4. What is t(f)?
-23
Let o = 7 + -4. Let r(m) = -m**2 + 16*m + 21. Let v be r(17). Let y(q) = -v + q - 21*q**2 + 22*q**2 - o*q. Calculate y(-3).
11
Let f(x) = -2 - 78*x**2 - 26*x**2 + 4*x + 105*x**2. Give f(7).
75
Let p(f) = -2*f. Let o(d) = 2*d**3 + 2*d + 1. Let z be o(-1). Let l(v) = -v**2 + 5. Let n be l(z). Calculate p(n).
8
Suppose 0*t + 6 = 3*t, 0 = -3*m + 5*t + 11. Suppose -m*p = -5*p - 10. Suppose 3*y = -2*i - 3*i + 6, -p*y + 10 = i. Let z(s) = -3*s**2 + 3*s - 2. Determine z(y).
-8
Let z(n) = -10*n + 993 - 1015 + 9*n. Determine z(-23).
1
Let v(z) = -2*z - 9. Let m(l) = -4*l - 18. Let q(b) = -2*m(b) + 5*v(b). Let d(h) = 4*h + 39. Let w be d(-10). Let x be -8 - (3 + -6 - w). Determine q(x).
3
Let s(n) = -n**3 + n**2 - 7. Suppose 5*j - 80 = 4*w + w, -4 = 4*w. Let q = -14 + j. Let c be (-2 + q + 1)/(-2). Calculate s(c).
-7
Let m be 9 + -6 - (1 - 2). Let t(l) = 6*l - 2*l - m - 5*l. What is t(-4)?
0
Suppose 87 - 159 = -18*k. Let w(x) = -x**3 + 2*x**2 + 4*x + 4. Calculate w(k).
-12
Let v(b) = -b**2 - 2*b - 1. Let o(j) = -j**2 + 6*j + 3. Let a(f) = o(f) + 3*v(f). Determine a(1).
-4
Let t(r) = r**2 + 2*r - 1. Let n = -37 + 73. Let d be 1/(-3*4/n). Calculate t(d).
2
Let r(w) be the second derivative of -w**4/12 - w**3/3 + 2*w**2 - 2*w + 16. Give r(-3).
1
Let m(n) = -n**3 - 8*n**2 + 10*n + 11. Let q be (3 + 13)/4 + -13. Determine m(q).
2
Let w(r) be the third derivative of r**6/360 - 7*r**5/120 - 5*r**4/8 + 7*r**2. Let u(l) be the second derivative of w(l). Calculate u(6).
5
Let n(c) = 0*c + 0*c + 105 - 191 + c + 101. Determine n(11).
26
Let y(o) = 9*o - 101. Let k(a) = 17*a - 189. Let b(h) = 6*k(h) - 11*y(h). Determine b(13).
16
Let n(u) = -6*u - 10. Suppose -y + 11 = -5*b, 3*y = -b - 13 - 2. Calculate n(b).
8
Let u(b) = -126*b - 763. Let h be u(-6). Let v(p) = 8*p + 14 + p - 6 + p**2. What is v(h)?
-6
Suppose 0 = 7*s + 1759 - 1794. Let w(l) = -l**3 + 6*l**2 - 2*l - 5. Calculate w(s).
10
Let b(c) = -c**3 - 9*c**2 - 2*c - 11. Suppose -12*k = 72 + 36. What is b(k)?
7
Let a = 1 - -3. Let d(o) = -2*o - 1. Let y(c) = -5*c - 1. Let i(r) = -7*d(r) + 3*y(r). Give i(a).
0
Let a(c) = -28*c**2 - 25*c + 17. Let u(k) = 13*k**2 + 12*k - 8. Let y(j) = 6*a(j) + 13*u(j). What is y(-5)?
-7
Let f(o) = o**3 + 3*o**2 - 4*o - 6. Let x be 15 + -25 + (-1 - -7). Give f(x).
-6
Let y be 3/2*7/315. Let o(r) be the third derivative of -1/40*r**6 + 0*r + 0 - y*r**5 - 7*r**2 + 1/12*r**4 - 1/6*r**3. What is o(1)?
-4
Let g be -3 + -2*(2 + 0 + -1). Let s(t) = t**3 + 5*t**2 - 6*t + 4. Determine s(g).
34
Let f be (4/10)/(42/(-30))*-7. Let r(i) = 9*i - 3. Give r(f).
15
Let d(v) be the second derivati